{"id":879,"date":"2022-09-20T15:50:59","date_gmt":"2022-09-20T13:50:59","guid":{"rendered":"https:\/\/localhost\/solilawi\/?page_id=879"},"modified":"2022-11-10T17:44:08","modified_gmt":"2022-11-10T16:44:08","slug":"879-2","status":"publish","type":"page","link":"https:\/\/www.solidarischer-hof-wybelsum.de\/?page_id=879","title":{"rendered":"Engagement"},"content":{"rendered":"\t\t<div data-elementor-type=\"wp-page\" data-elementor-id=\"879\" class=\"elementor elementor-879\">\n\t\t\t\t\t\t\t\t\t<section class=\"elementor-section elementor-top-section elementor-element elementor-element-385d02fa elementor-section-boxed elementor-section-height-default elementor-section-height-default\" data-id=\"385d02fa\" data-element_type=\"section\">\n\t\t\t\t\t\t<div class=\"elementor-container elementor-column-gap-default\">\n\t\t\t\t\t<div class=\"elementor-column elementor-col-100 elementor-top-column elementor-element elementor-element-1789090e\" data-id=\"1789090e\" data-element_type=\"column\">\n\t\t\t<div class=\"elementor-widget-wrap elementor-element-populated\">\n\t\t\t\t\t\t\t\t<div class=\"elementor-element elementor-element-14d0a2cf elementor-widget elementor-widget-text-editor\" data-id=\"14d0a2cf\" data-element_type=\"widget\" data-widget_type=\"text-editor.default\">\n\t\t\t\t<div class=\"elementor-widget-container\">\n\t\t\t<style>\/*! elementor - v3.16.0 - 09-10-2023 *\/\n.elementor-widget-text-editor.elementor-drop-cap-view-stacked .elementor-drop-cap{background-color:#69727d;color:#fff}.elementor-widget-text-editor.elementor-drop-cap-view-framed .elementor-drop-cap{color:#69727d;border:3px solid;background-color:transparent}.elementor-widget-text-editor:not(.elementor-drop-cap-view-default) .elementor-drop-cap{margin-top:8px}.elementor-widget-text-editor:not(.elementor-drop-cap-view-default) .elementor-drop-cap-letter{width:1em;height:1em}.elementor-widget-text-editor .elementor-drop-cap{float:left;text-align:center;line-height:1;font-size:50px}.elementor-widget-text-editor .elementor-drop-cap-letter{display:inline-block}<\/style>\t\t\t\t<!-- wp:heading -->\n<h2>Engagement<\/h2>\n<!-- \/wp:heading -->\t\t\t\t\t\t<\/div>\n\t\t\t\t<\/div>\n\t\t\t\t\t<\/div>\n\t\t<\/div>\n\t\t\t\t\t\t\t<\/div>\n\t\t<\/section>\n\t\t\t\t<section class=\"elementor-section elementor-top-section elementor-element elementor-element-146de0a elementor-section-boxed elementor-section-height-default elementor-section-height-default\" data-id=\"146de0a\" data-element_type=\"section\">\n\t\t\t\t\t\t<div class=\"elementor-container elementor-column-gap-default\">\n\t\t\t\t\t<div class=\"elementor-column elementor-col-100 elementor-top-column elementor-element elementor-element-88de963\" data-id=\"88de963\" data-element_type=\"column\">\n\t\t\t<div class=\"elementor-widget-wrap elementor-element-populated\">\n\t\t\t\t\t\t\t\t<div class=\"elementor-element elementor-element-659bcfd elementor-widget elementor-widget-text-editor\" data-id=\"659bcfd\" data-element_type=\"widget\" data-widget_type=\"text-editor.default\">\n\t\t\t\t<div class=\"elementor-widget-container\">\n\t\t\t\t\t\t\t<p>Wenn du nicht nur Spa\u00df daran hast, deinen Gem\u00fcseanteil w\u00f6chentlich abzuholen, sondern auch Zeit und Lust hast mitzumachen, bis du immer willkommen. Auf dem Hof gibt es vielf\u00e4ltige M\u00f6glichkeiten sich einzubringen. Ob im Sommer bei der Beikr\u00e4uterbearbeitung oder im Herbst bei der Gem\u00fcsepflege der Herbst- und Wintersaat.<\/p>\t\t\t\t\t\t<\/div>\n\t\t\t\t<\/div>\n\t\t\t\t\t<\/div>\n\t\t<\/div>\n\t\t\t\t\t\t\t<\/div>\n\t\t<\/section>\n\t\t\t\t<section class=\"elementor-section elementor-top-section elementor-element elementor-element-f29fa38 elementor-section-boxed elementor-section-height-default elementor-section-height-default\" data-id=\"f29fa38\" data-element_type=\"section\">\n\t\t\t\t\t\t<div class=\"elementor-container elementor-column-gap-default\">\n\t\t\t\t\t<div class=\"elementor-column elementor-col-50 elementor-top-column elementor-element elementor-element-32e98d3\" data-id=\"32e98d3\" data-element_type=\"column\">\n\t\t\t<div class=\"elementor-widget-wrap elementor-element-populated\">\n\t\t\t\t\t\t\t\t<div class=\"elementor-element elementor-element-7d3f731 elementor-widget elementor-widget-image\" data-id=\"7d3f731\" data-element_type=\"widget\" data-widget_type=\"image.default\">\n\t\t\t\t<div class=\"elementor-widget-container\">\n\t\t\t<style>\/*! elementor - v3.16.0 - 09-10-2023 *\/\n.elementor-widget-image{text-align:center}.elementor-widget-image a{display:inline-block}.elementor-widget-image a img[src$=\".svg\"]{width:48px}.elementor-widget-image img{vertical-align:middle;display:inline-block}<\/style>\t\t\t\t\t\t\t\t\t\t\t\t<img loading=\"lazy\" decoding=\"async\" width=\"225\" height=\"300\" src=\"https:\/\/www.solidarischer-hof-wybelsum.de\/wp-content\/uploads\/2022\/10\/KPYD5830klein-225x300.jpg\" class=\"attachment-medium size-medium wp-image-974\" alt=\"\" srcset=\"https:\/\/www.solidarischer-hof-wybelsum.de\/wp-content\/uploads\/2022\/10\/KPYD5830klein-225x300.jpg 225w, https:\/\/www.solidarischer-hof-wybelsum.de\/wp-content\/uploads\/2022\/10\/KPYD5830klein.jpg 443w\" sizes=\"auto, (max-width: 225px) 100vw, 225px\" \/>\t\t\t\t\t\t\t\t\t\t\t\t\t\t\t<\/div>\n\t\t\t\t<\/div>\n\t\t\t\t\t<\/div>\n\t\t<\/div>\n\t\t\t\t<div class=\"elementor-column elementor-col-50 elementor-top-column elementor-element elementor-element-55d71e5\" data-id=\"55d71e5\" data-element_type=\"column\">\n\t\t\t<div class=\"elementor-widget-wrap elementor-element-populated\">\n\t\t\t\t\t\t\t\t<div class=\"elementor-element elementor-element-c6cdd45 elementor-widget elementor-widget-image\" data-id=\"c6cdd45\" data-element_type=\"widget\" data-widget_type=\"image.default\">\n\t\t\t\t<div class=\"elementor-widget-container\">\n\t\t\t\t\t\t\t\t\t\t\t\t\t\t\t<img loading=\"lazy\" decoding=\"async\" width=\"225\" height=\"300\" src=\"https:\/\/www.solidarischer-hof-wybelsum.de\/wp-content\/uploads\/2022\/10\/EAAQ1154klein-225x300.jpg\" class=\"attachment-medium size-medium wp-image-997\" alt=\"\" srcset=\"https:\/\/www.solidarischer-hof-wybelsum.de\/wp-content\/uploads\/2022\/10\/EAAQ1154klein-225x300.jpg 225w, https:\/\/www.solidarischer-hof-wybelsum.de\/wp-content\/uploads\/2022\/10\/EAAQ1154klein.jpg 443w\" sizes=\"auto, (max-width: 225px) 100vw, 225px\" \/>\t\t\t\t\t\t\t\t\t\t\t\t\t\t\t<\/div>\n\t\t\t\t<\/div>\n\t\t\t\t\t<\/div>\n\t\t<\/div>\n\t\t\t\t\t\t\t<\/div>\n\t\t<\/section>\n\t\t\t\t<section class=\"elementor-section elementor-top-section elementor-element elementor-element-33f664c elementor-section-boxed elementor-section-height-default elementor-section-height-default\" data-id=\"33f664c\" data-element_type=\"section\">\n\t\t\t\t\t\t<div class=\"elementor-container elementor-column-gap-default\">\n\t\t\t\t\t<div class=\"elementor-column elementor-col-20 elementor-top-column elementor-element elementor-element-66a3d8a\" data-id=\"66a3d8a\" data-element_type=\"column\">\n\t\t\t<div class=\"elementor-widget-wrap elementor-element-populated\">\n\t\t\t\t\t\t\t\t<div class=\"elementor-element elementor-element-863dd43 elementor-widget elementor-widget-text-editor\" data-id=\"863dd43\" data-element_type=\"widget\" data-widget_type=\"text-editor.default\">\n\t\t\t\t<div class=\"elementor-widget-container\">\n\t\t\t\t\t\t\t<p>Herbstzeit ist auch Erntezeit. In diesem Jahr wachsen Rote Bete und Kartoffeln besonders gut.<\/p>\t\t\t\t\t\t<\/div>\n\t\t\t\t<\/div>\n\t\t\t\t\t<\/div>\n\t\t<\/div>\n\t\t\t\t<div class=\"elementor-column elementor-col-20 elementor-top-column elementor-element elementor-element-c4b8529\" data-id=\"c4b8529\" data-element_type=\"column\">\n\t\t\t<div class=\"elementor-widget-wrap elementor-element-populated\">\n\t\t\t\t\t\t\t\t<div class=\"elementor-element elementor-element-06a7c5d elementor-widget elementor-widget-image\" data-id=\"06a7c5d\" data-element_type=\"widget\" data-widget_type=\"image.default\">\n\t\t\t\t<div class=\"elementor-widget-container\">\n\t\t\t\t\t\t\t\t\t\t\t\t\t\t\t<img loading=\"lazy\" decoding=\"async\" width=\"300\" height=\"225\" src=\"https:\/\/www.solidarischer-hof-wybelsum.de\/wp-content\/uploads\/2022\/10\/IMG_4977klein-300x225.jpg\" class=\"attachment-medium size-medium wp-image-1046\" alt=\"\" srcset=\"https:\/\/www.solidarischer-hof-wybelsum.de\/wp-content\/uploads\/2022\/10\/IMG_4977klein-300x225.jpg 300w, https:\/\/www.solidarischer-hof-wybelsum.de\/wp-content\/uploads\/2022\/10\/IMG_4977klein.jpg 591w\" sizes=\"auto, (max-width: 300px) 100vw, 300px\" \/>\t\t\t\t\t\t\t\t\t\t\t\t\t\t\t<\/div>\n\t\t\t\t<\/div>\n\t\t\t\t\t<\/div>\n\t\t<\/div>\n\t\t\t\t<div class=\"elementor-column elementor-col-20 elementor-top-column elementor-element elementor-element-f152d9b\" data-id=\"f152d9b\" data-element_type=\"column\">\n\t\t\t<div class=\"elementor-widget-wrap elementor-element-populated\">\n\t\t\t\t\t\t\t\t<div class=\"elementor-element elementor-element-e37d639 elementor-widget elementor-widget-image\" data-id=\"e37d639\" data-element_type=\"widget\" data-widget_type=\"image.default\">\n\t\t\t\t<div class=\"elementor-widget-container\">\n\t\t\t\t\t\t\t\t\t\t\t\t\t\t\t<img loading=\"lazy\" decoding=\"async\" width=\"443\" height=\"591\" src=\"https:\/\/www.solidarischer-hof-wybelsum.de\/wp-content\/uploads\/2022\/10\/IMG_4976klein-rotated.jpg\" class=\"attachment-large size-large wp-image-1045\" alt=\"\" srcset=\"https:\/\/www.solidarischer-hof-wybelsum.de\/wp-content\/uploads\/2022\/10\/IMG_4976klein-rotated.jpg 443w, https:\/\/www.solidarischer-hof-wybelsum.de\/wp-content\/uploads\/2022\/10\/IMG_4976klein-225x300.jpg 225w\" sizes=\"auto, (max-width: 443px) 100vw, 443px\" \/>\t\t\t\t\t\t\t\t\t\t\t\t\t\t\t<\/div>\n\t\t\t\t<\/div>\n\t\t\t\t\t<\/div>\n\t\t<\/div>\n\t\t\t\t<div class=\"elementor-column elementor-col-20 elementor-top-column elementor-element elementor-element-a584fd1\" data-id=\"a584fd1\" data-element_type=\"column\">\n\t\t\t<div class=\"elementor-widget-wrap elementor-element-populated\">\n\t\t\t\t\t\t\t\t<div class=\"elementor-element elementor-element-d3b3a39 elementor-widget elementor-widget-image\" data-id=\"d3b3a39\" data-element_type=\"widget\" data-widget_type=\"image.default\">\n\t\t\t\t<div class=\"elementor-widget-container\">\n\t\t\t\t\t\t\t\t\t\t\t\t\t\t\t<img loading=\"lazy\" decoding=\"async\" width=\"443\" height=\"591\" src=\"https:\/\/www.solidarischer-hof-wybelsum.de\/wp-content\/uploads\/2022\/10\/IMG_4972klein-rotated.jpg\" class=\"attachment-large size-large wp-image-1044\" alt=\"\" srcset=\"https:\/\/www.solidarischer-hof-wybelsum.de\/wp-content\/uploads\/2022\/10\/IMG_4972klein-rotated.jpg 443w, https:\/\/www.solidarischer-hof-wybelsum.de\/wp-content\/uploads\/2022\/10\/IMG_4972klein-225x300.jpg 225w\" sizes=\"auto, (max-width: 443px) 100vw, 443px\" \/>\t\t\t\t\t\t\t\t\t\t\t\t\t\t\t<\/div>\n\t\t\t\t<\/div>\n\t\t\t\t\t<\/div>\n\t\t<\/div>\n\t\t\t\t<div class=\"elementor-column elementor-col-20 elementor-top-column elementor-element elementor-element-9f04144\" data-id=\"9f04144\" data-element_type=\"column\">\n\t\t\t<div class=\"elementor-widget-wrap\">\n\t\t\t\t\t\t\t\t\t<\/div>\n\t\t<\/div>\n\t\t\t\t\t\t\t<\/div>\n\t\t<\/section>\n\t\t\t\t<section class=\"elementor-section elementor-top-section elementor-element elementor-element-8532fac elementor-section-boxed elementor-section-height-default elementor-section-height-default\" data-id=\"8532fac\" data-element_type=\"section\">\n\t\t\t\t\t\t<div class=\"elementor-container elementor-column-gap-default\">\n\t\t\t\t\t<div class=\"elementor-column elementor-col-20 elementor-top-column elementor-element elementor-element-6db0ade\" data-id=\"6db0ade\" data-element_type=\"column\">\n\t\t\t<div class=\"elementor-widget-wrap elementor-element-populated\">\n\t\t\t\t\t\t\t\t<div class=\"elementor-element elementor-element-f5451fc elementor-widget elementor-widget-image\" data-id=\"f5451fc\" data-element_type=\"widget\" data-widget_type=\"image.default\">\n\t\t\t\t<div class=\"elementor-widget-container\">\n\t\t\t\t\t\t\t\t\t\t\t\t\t\t\t<img loading=\"lazy\" decoding=\"async\" width=\"185\" height=\"300\" src=\"https:\/\/www.solidarischer-hof-wybelsum.de\/wp-content\/uploads\/2022\/11\/IMG_5075klein-185x300.jpg\" class=\"attachment-medium size-medium wp-image-1517\" alt=\"\" srcset=\"https:\/\/www.solidarischer-hof-wybelsum.de\/wp-content\/uploads\/2022\/11\/IMG_5075klein-185x300.jpg 185w, https:\/\/www.solidarischer-hof-wybelsum.de\/wp-content\/uploads\/2022\/11\/IMG_5075klein-631x1024.jpg 631w, https:\/\/www.solidarischer-hof-wybelsum.de\/wp-content\/uploads\/2022\/11\/IMG_5075klein-768x1247.jpg 768w, https:\/\/www.solidarischer-hof-wybelsum.de\/wp-content\/uploads\/2022\/11\/IMG_5075klein-946x1536.jpg 946w, https:\/\/www.solidarischer-hof-wybelsum.de\/wp-content\/uploads\/2022\/11\/IMG_5075klein-1261x2048.jpg 1261w, https:\/\/www.solidarischer-hof-wybelsum.de\/wp-content\/uploads\/2022\/11\/IMG_5075klein-scaled.jpg 1577w\" sizes=\"auto, (max-width: 185px) 100vw, 185px\" \/>\t\t\t\t\t\t\t\t\t\t\t\t\t\t\t<\/div>\n\t\t\t\t<\/div>\n\t\t\t\t\t<\/div>\n\t\t<\/div>\n\t\t\t\t<div class=\"elementor-column elementor-col-20 elementor-top-column elementor-element elementor-element-4e28591\" data-id=\"4e28591\" data-element_type=\"column\">\n\t\t\t<div class=\"elementor-widget-wrap elementor-element-populated\">\n\t\t\t\t\t\t\t\t<div class=\"elementor-element elementor-element-c6b3386 elementor-widget elementor-widget-text-editor\" data-id=\"c6b3386\" data-element_type=\"widget\" data-widget_type=\"text-editor.default\">\n\t\t\t\t<div class=\"elementor-widget-container\">\n\t\t\t\t\t\t\t\t\t\t\t\t\t<\/div>\n\t\t\t\t<\/div>\n\t\t\t\t<div class=\"elementor-element elementor-element-fca98d6 elementor-widget elementor-widget-text-editor\" data-id=\"fca98d6\" data-element_type=\"widget\" data-widget_type=\"text-editor.default\">\n\t\t\t\t<div class=\"elementor-widget-container\">\n\t\t\t\t\t\t\t<p>Das Wachstum der M\u00f6hren geht manchmal verschlungene Wege. &#8211;<\/p>\n<p>W\u00e4hrend drau\u00dfen geerntet wird, w\u00e4chst in den Gew\u00e4chsh\u00e4usern schon der Salat f\u00fcr den Winter: Postelein und Feldsalat.&nbsp; Es ist \u00e4u\u00dferst hilfreich, wenn einige SoLaWi-Mitglieder hier mithelfen.&nbsp;<\/p>\t\t\t\t\t\t<\/div>\n\t\t\t\t<\/div>\n\t\t\t\t\t<\/div>\n\t\t<\/div>\n\t\t\t\t<div class=\"elementor-column elementor-col-20 elementor-top-column elementor-element elementor-element-188db36\" data-id=\"188db36\" data-element_type=\"column\">\n\t\t\t<div class=\"elementor-widget-wrap elementor-element-populated\">\n\t\t\t\t\t\t\t\t<div class=\"elementor-element elementor-element-bc2575f elementor-widget elementor-widget-image\" data-id=\"bc2575f\" data-element_type=\"widget\" data-widget_type=\"image.default\">\n\t\t\t\t<div class=\"elementor-widget-container\">\n\t\t\t\t\t\t\t\t\t\t\t\t\t\t\t<img loading=\"lazy\" decoding=\"async\" width=\"225\" height=\"300\" src=\"https:\/\/www.solidarischer-hof-wybelsum.de\/wp-content\/uploads\/2022\/11\/IMG_5073klein-225x300.jpg\" class=\"attachment-medium size-medium wp-image-1516\" alt=\"\" srcset=\"https:\/\/www.solidarischer-hof-wybelsum.de\/wp-content\/uploads\/2022\/11\/IMG_5073klein-225x300.jpg 225w, https:\/\/www.solidarischer-hof-wybelsum.de\/wp-content\/uploads\/2022\/11\/IMG_5073klein-rotated.jpg 443w\" sizes=\"auto, (max-width: 225px) 100vw, 225px\" \/>\t\t\t\t\t\t\t\t\t\t\t\t\t\t\t<\/div>\n\t\t\t\t<\/div>\n\t\t\t\t\t<\/div>\n\t\t<\/div>\n\t\t\t\t<div class=\"elementor-column elementor-col-20 elementor-top-column elementor-element elementor-element-ec8b59b\" data-id=\"ec8b59b\" data-element_type=\"column\">\n\t\t\t<div class=\"elementor-widget-wrap elementor-element-populated\">\n\t\t\t\t\t\t\t\t<div class=\"elementor-element elementor-element-7335c5f elementor-widget elementor-widget-image\" data-id=\"7335c5f\" data-element_type=\"widget\" data-widget_type=\"image.default\">\n\t\t\t\t<div class=\"elementor-widget-container\">\n\t\t\t\t\t\t\t\t\t\t\t\t\t\t\t<img loading=\"lazy\" decoding=\"async\" width=\"443\" height=\"591\" src=\"https:\/\/www.solidarischer-hof-wybelsum.de\/wp-content\/uploads\/2022\/11\/RSGW2130klein.jpg\" class=\"attachment-large size-large wp-image-1582\" alt=\"\" srcset=\"https:\/\/www.solidarischer-hof-wybelsum.de\/wp-content\/uploads\/2022\/11\/RSGW2130klein.jpg 443w, https:\/\/www.solidarischer-hof-wybelsum.de\/wp-content\/uploads\/2022\/11\/RSGW2130klein-225x300.jpg 225w\" sizes=\"auto, (max-width: 443px) 100vw, 443px\" \/>\t\t\t\t\t\t\t\t\t\t\t\t\t\t\t<\/div>\n\t\t\t\t<\/div>\n\t\t\t\t\t<\/div>\n\t\t<\/div>\n\t\t\t\t<div class=\"elementor-column elementor-col-20 elementor-top-column elementor-element elementor-element-5a6963a\" data-id=\"5a6963a\" data-element_type=\"column\">\n\t\t\t<div class=\"elementor-widget-wrap elementor-element-populated\">\n\t\t\t\t\t\t\t\t<div class=\"elementor-element elementor-element-e88a072 elementor-widget elementor-widget-image\" data-id=\"e88a072\" data-element_type=\"widget\" data-widget_type=\"image.default\">\n\t\t\t\t<div class=\"elementor-widget-container\">\n\t\t\t\t\t\t\t\t\t\t\t\t\t\t\t<img loading=\"lazy\" decoding=\"async\" width=\"225\" height=\"300\" src=\"https:\/\/www.solidarischer-hof-wybelsum.de\/wp-content\/uploads\/2022\/11\/IMG_5072klein-225x300.jpg\" class=\"attachment-medium size-medium wp-image-1515\" alt=\"\" srcset=\"https:\/\/www.solidarischer-hof-wybelsum.de\/wp-content\/uploads\/2022\/11\/IMG_5072klein-225x300.jpg 225w, https:\/\/www.solidarischer-hof-wybelsum.de\/wp-content\/uploads\/2022\/11\/IMG_5072klein-rotated.jpg 443w\" sizes=\"auto, (max-width: 225px) 100vw, 225px\" \/>\t\t\t\t\t\t\t\t\t\t\t\t\t\t\t<\/div>\n\t\t\t\t<\/div>\n\t\t\t\t\t<\/div>\n\t\t<\/div>\n\t\t\t\t\t\t\t<\/div>\n\t\t<\/section>\n\t\t\t\t\t\t\t<\/div>\n\t\t","protected":false},"excerpt":{"rendered":"<p>Engagement Wenn du nicht nur Spa\u00df daran hast, deinen Gem\u00fcseanteil w\u00f6chentlich abzuholen, sondern auch Zeit und Lust hast mitzumachen, bis du immer willkommen. Auf dem Hof gibt es vielf\u00e4ltige M\u00f6glichkeiten sich einzubringen. Ob im Sommer bei der Beikr\u00e4uterbearbeitung oder im Herbst bei der Gem\u00fcsepflege der Herbst- und Wintersaat. Herbstzeit ist auch Erntezeit. In diesem Jahr wachsen Rote Bete und Kartoffeln&#8230;<\/p>\n","protected":false},"author":1,"featured_media":0,"parent":0,"menu_order":0,"comment_status":"closed","ping_status":"closed","template":"page-templates\/full-width-container.php","meta":{"footnotes":""},"class_list":["post-879","page","type-page","status-publish","hentry"],"_links":{"self":[{"href":"https:\/\/www.solidarischer-hof-wybelsum.de\/index.php?rest_route=\/wp\/v2\/pages\/879","targetHints":{"allow":["GET"]}}],"collection":[{"href":"https:\/\/www.solidarischer-hof-wybelsum.de\/index.php?rest_route=\/wp\/v2\/pages"}],"about":[{"href":"https:\/\/www.solidarischer-hof-wybelsum.de\/index.php?rest_route=\/wp\/v2\/types\/page"}],"author":[{"embeddable":true,"href":"https:\/\/www.solidarischer-hof-wybelsum.de\/index.php?rest_route=\/wp\/v2\/users\/1"}],"replies":[{"embeddable":true,"href":"https:\/\/www.solidarischer-hof-wybelsum.de\/index.php?rest_route=%2Fwp%2Fv2%2Fcomments&post=879"}],"version-history":[{"count":19,"href":"https:\/\/www.solidarischer-hof-wybelsum.de\/index.php?rest_route=\/wp\/v2\/pages\/879\/revisions"}],"predecessor-version":[{"id":1586,"href":"https:\/\/www.solidarischer-hof-wybelsum.de\/index.php?rest_route=\/wp\/v2\/pages\/879\/revisions\/1586"}],"wp:attachment":[{"href":"https:\/\/www.solidarischer-hof-wybelsum.de\/index.php?rest_route=%2Fwp%2Fv2%2Fmedia&parent=879"}],"curies":[{"name":"wp","href":"https:\/\/api.w.org\/{rel}","templated":true}]}}