{"id":786,"date":"2022-09-15T19:30:58","date_gmt":"2022-09-15T17:30:58","guid":{"rendered":"https:\/\/localhost\/solilawi\/?page_id=786"},"modified":"2022-11-13T17:37:13","modified_gmt":"2022-11-13T16:37:13","slug":"elementor-786","status":"publish","type":"page","link":"https:\/\/www.solidarischer-hof-wybelsum.de\/?page_id=786","title":{"rendered":"Was uns bewegt"},"content":{"rendered":"\t\t<div data-elementor-type=\"wp-page\" data-elementor-id=\"786\" class=\"elementor elementor-786\">\n\t\t\t\t\t\t\t\t\t<section class=\"elementor-section elementor-top-section elementor-element elementor-element-f2105b6 elementor-section-boxed elementor-section-height-default elementor-section-height-default\" data-id=\"f2105b6\" data-element_type=\"section\">\n\t\t\t\t\t\t<div class=\"elementor-container elementor-column-gap-default\">\n\t\t\t\t\t<div class=\"elementor-column elementor-col-100 elementor-top-column elementor-element elementor-element-0d18da8\" data-id=\"0d18da8\" data-element_type=\"column\">\n\t\t\t<div class=\"elementor-widget-wrap elementor-element-populated\">\n\t\t\t\t\t\t\t\t\t<\/div>\n\t\t<\/div>\n\t\t\t\t\t\t\t<\/div>\n\t\t<\/section>\n\t\t\t\t<section class=\"elementor-section elementor-top-section elementor-element elementor-element-7aa5fd8 elementor-section-boxed elementor-section-height-default elementor-section-height-default\" data-id=\"7aa5fd8\" data-element_type=\"section\">\n\t\t\t\t\t\t<div class=\"elementor-container elementor-column-gap-default\">\n\t\t\t\t\t<div class=\"elementor-column elementor-col-100 elementor-top-column elementor-element elementor-element-967565e\" data-id=\"967565e\" data-element_type=\"column\">\n\t\t\t<div class=\"elementor-widget-wrap elementor-element-populated\">\n\t\t\t\t\t\t\t\t<section class=\"elementor-section elementor-inner-section elementor-element elementor-element-9567813 elementor-section-boxed elementor-section-height-default elementor-section-height-default\" data-id=\"9567813\" data-element_type=\"section\">\n\t\t\t\t\t\t<div class=\"elementor-container elementor-column-gap-default\">\n\t\t\t\t\t<div class=\"elementor-column elementor-col-50 elementor-inner-column elementor-element elementor-element-e459d5d\" data-id=\"e459d5d\" data-element_type=\"column\">\n\t\t\t<div class=\"elementor-widget-wrap elementor-element-populated\">\n\t\t\t\t\t\t\t\t<div class=\"elementor-element elementor-element-21b5a35 elementor-widget elementor-widget-text-editor\" data-id=\"21b5a35\" data-element_type=\"widget\" data-widget_type=\"text-editor.default\">\n\t\t\t\t<div class=\"elementor-widget-container\">\n\t\t\t<style>\/*! elementor - v3.16.0 - 09-10-2023 *\/\n.elementor-widget-text-editor.elementor-drop-cap-view-stacked .elementor-drop-cap{background-color:#69727d;color:#fff}.elementor-widget-text-editor.elementor-drop-cap-view-framed .elementor-drop-cap{color:#69727d;border:3px solid;background-color:transparent}.elementor-widget-text-editor:not(.elementor-drop-cap-view-default) .elementor-drop-cap{margin-top:8px}.elementor-widget-text-editor:not(.elementor-drop-cap-view-default) .elementor-drop-cap-letter{width:1em;height:1em}.elementor-widget-text-editor .elementor-drop-cap{float:left;text-align:center;line-height:1;font-size:50px}.elementor-widget-text-editor .elementor-drop-cap-letter{display:inline-block}<\/style>\t\t\t\t<p>Immer mehr H\u00f6fe geben ihre Vielf\u00e4ltigkeit auf. Die Landwirtschaft wird industrialisiert und viele Landwirte wechseln in den Nebenerwerb. Was wir essen und wo es wie angebaut wurde, ist undurchsichtig und geht oft zu Lasten der Umwelt und der nat\u00fcrlichen Ressourcen.<\/p><p>Wir, Kathrin Dudler und Rainer Baltrusch, haben uns im Zuge der Hof\u00fcbergabe viele Gedanken \u00fcber Gerechtigkeit, Ern\u00e4hrungssouver\u00e4nit\u00e4t und Ressourcenschonung gemacht. Um eine ehrliche und nachhaltige Landwirtschaft betreiben zu k\u00f6nnen, haben wir eine solidarische Hofgemeinschaft gegr\u00fcndet. F\u00fcr uns ist sie die einzige M\u00f6glichkeit, kleinen Betrieben eine nachhaltige Wirtschaftsweise zu erm\u00f6glichen und\u00a0 das \u00dcberleben zu sichern.<\/p>\t\t\t\t\t\t<\/div>\n\t\t\t\t<\/div>\n\t\t\t\t\t<\/div>\n\t\t<\/div>\n\t\t\t\t<div class=\"elementor-column elementor-col-50 elementor-inner-column elementor-element elementor-element-3bfd2a8\" data-id=\"3bfd2a8\" data-element_type=\"column\">\n\t\t\t<div class=\"elementor-widget-wrap\">\n\t\t\t\t\t\t\t\t\t<\/div>\n\t\t<\/div>\n\t\t\t\t\t\t\t<\/div>\n\t\t<\/section>\n\t\t\t\t\t<\/div>\n\t\t<\/div>\n\t\t\t\t\t\t\t<\/div>\n\t\t<\/section>\n\t\t\t\t\t\t\t<\/div>\n\t\t","protected":false},"excerpt":{"rendered":"<p>Immer mehr H\u00f6fe geben ihre Vielf\u00e4ltigkeit auf. Die Landwirtschaft wird industrialisiert und viele Landwirte wechseln in den Nebenerwerb. Was wir essen und wo es wie angebaut wurde, ist undurchsichtig und geht oft zu Lasten der Umwelt und der nat\u00fcrlichen Ressourcen. Wir, Kathrin Dudler und Rainer Baltrusch, haben uns im Zuge der Hof\u00fcbergabe viele Gedanken \u00fcber Gerechtigkeit, Ern\u00e4hrungssouver\u00e4nit\u00e4t und Ressourcenschonung gemacht&#8230;.<\/p>\n","protected":false},"author":1,"featured_media":0,"parent":0,"menu_order":0,"comment_status":"closed","ping_status":"closed","template":"page-templates\/full-width-container.php","meta":{"footnotes":""},"class_list":["post-786","page","type-page","status-publish","hentry"],"_links":{"self":[{"href":"https:\/\/www.solidarischer-hof-wybelsum.de\/index.php?rest_route=\/wp\/v2\/pages\/786","targetHints":{"allow":["GET"]}}],"collection":[{"href":"https:\/\/www.solidarischer-hof-wybelsum.de\/index.php?rest_route=\/wp\/v2\/pages"}],"about":[{"href":"https:\/\/www.solidarischer-hof-wybelsum.de\/index.php?rest_route=\/wp\/v2\/types\/page"}],"author":[{"embeddable":true,"href":"https:\/\/www.solidarischer-hof-wybelsum.de\/index.php?rest_route=\/wp\/v2\/users\/1"}],"replies":[{"embeddable":true,"href":"https:\/\/www.solidarischer-hof-wybelsum.de\/index.php?rest_route=%2Fwp%2Fv2%2Fcomments&post=786"}],"version-history":[{"count":27,"href":"https:\/\/www.solidarischer-hof-wybelsum.de\/index.php?rest_route=\/wp\/v2\/pages\/786\/revisions"}],"predecessor-version":[{"id":1626,"href":"https:\/\/www.solidarischer-hof-wybelsum.de\/index.php?rest_route=\/wp\/v2\/pages\/786\/revisions\/1626"}],"wp:attachment":[{"href":"https:\/\/www.solidarischer-hof-wybelsum.de\/index.php?rest_route=%2Fwp%2Fv2%2Fmedia&parent=786"}],"curies":[{"name":"wp","href":"https:\/\/api.w.org\/{rel}","templated":true}]}}

<div data-elementor-type="wp-page" data-elementor-id="786" class="elementor elementor-786">
									<section class="elementor-section elementor-top-section elementor-element elementor-element-f2105b6 elementor-section-boxed elementor-section-height-default elementor-section-height-default" data-id="f2105b6" data-element_type="section">
						<div class="elementor-container elementor-column-gap-default">
					<div class="elementor-column elementor-col-100 elementor-top-column elementor-element elementor-element-0d18da8" data-id="0d18da8" data-element_type="column">
			<div class="elementor-widget-wrap elementor-element-populated">
									</div>
		</div>
							</div>
		</section>
				<section class="elementor-section elementor-top-section elementor-element elementor-element-7aa5fd8 elementor-section-boxed elementor-section-height-default elementor-section-height-default" data-id="7aa5fd8" data-element_type="section">
						<div class="elementor-container elementor-column-gap-default">
					<div class="elementor-column elementor-col-100 elementor-top-column elementor-element elementor-element-967565e" data-id="967565e" data-element_type="column">
			<div class="elementor-widget-wrap elementor-element-populated">
								<section class="elementor-section elementor-inner-section elementor-element elementor-element-9567813 elementor-section-boxed elementor-section-height-default elementor-section-height-default" data-id="9567813" data-element_type="section">
						<div class="elementor-container elementor-column-gap-default">
					<div class="elementor-column elementor-col-50 elementor-inner-column elementor-element elementor-element-e459d5d" data-id="e459d5d" data-element_type="column">
			<div class="elementor-widget-wrap elementor-element-populated">
								<div class="elementor-element elementor-element-21b5a35 elementor-widget elementor-widget-text-editor" data-id="21b5a35" data-element_type="widget" data-widget_type="text-editor.default">
				<div class="elementor-widget-container">
			<style>/*! elementor - v3.16.0 - 09-10-2023 */
.elementor-widget-text-editor.elementor-drop-cap-view-stacked .elementor-drop-cap{background-color:#69727d;color:#fff}.elementor-widget-text-editor.elementor-drop-cap-view-framed .elementor-drop-cap{color:#69727d;border:3px solid;background-color:transparent}.elementor-widget-text-editor:not(.elementor-drop-cap-view-default) .elementor-drop-cap{margin-top:8px}.elementor-widget-text-editor:not(.elementor-drop-cap-view-default) .elementor-drop-cap-letter{width:1em;height:1em}.elementor-widget-text-editor .elementor-drop-cap{float:left;text-align:center;line-height:1;font-size:50px}.elementor-widget-text-editor .elementor-drop-cap-letter{display:inline-block}</style>				<p>Immer mehr Höfe geben ihre Vielfältigkeit auf. Die Landwirtschaft wird industrialisiert und viele Landwirte wechseln in den Nebenerwerb. Was wir essen und wo es wie angebaut wurde, ist undurchsichtig und geht oft zu Lasten der Umwelt und der natürlichen Ressourcen.</p><p>Wir, Kathrin Dudler und Rainer Baltrusch, haben uns im Zuge der Hofübergabe viele Gedanken über Gerechtigkeit, Ernährungssouveränität und Ressourcenschonung gemacht. Um eine ehrliche und nachhaltige Landwirtschaft betreiben zu können, haben wir eine solidarische Hofgemeinschaft gegründet. Für uns ist sie die einzige Möglichkeit, kleinen Betrieben eine nachhaltige Wirtschaftsweise zu ermöglichen und  das Überleben zu sichern.</p>						</div>
				</div>
					</div>
		</div>
				<div class="elementor-column elementor-col-50 elementor-inner-column elementor-element elementor-element-3bfd2a8" data-id="3bfd2a8" data-element_type="column">
			<div class="elementor-widget-wrap">
									</div>
		</div>
							</div>
		</section>
					</div>
		</div>
							</div>
		</section>
							</div>

<p>Immer mehr Höfe geben ihre Vielfältigkeit auf. Die Landwirtschaft wird industrialisiert und viele Landwirte wechseln in den Nebenerwerb. Was wir essen und wo es wie angebaut wurde, ist undurchsichtig und geht oft zu Lasten der Umwelt und der natürlichen Ressourcen. Wir, Kathrin Dudler und Rainer Baltrusch, haben uns im Zuge der Hofübergabe viele Gedanken über Gerechtigkeit, Ernährungssouveränität und Ressourcenschonung gemacht&#8230;.</p>
