{"id":1079,"date":"2022-10-08T09:31:59","date_gmt":"2022-10-08T07:31:59","guid":{"rendered":"https:\/\/localhost\/solilawi\/?page_id=1079"},"modified":"2022-11-13T17:41:35","modified_gmt":"2022-11-13T16:41:35","slug":"fragen-und-antworten","status":"publish","type":"page","link":"https:\/\/www.solidarischer-hof-wybelsum.de\/?page_id=1079","title":{"rendered":"Fragen und Antworten"},"content":{"rendered":"\t\t<div data-elementor-type=\"wp-page\" data-elementor-id=\"1079\" class=\"elementor elementor-1079\">\n\t\t\t\t\t\t\t\t\t<section class=\"elementor-section elementor-top-section elementor-element elementor-element-1543a35c elementor-section-boxed elementor-section-height-default elementor-section-height-default\" data-id=\"1543a35c\" data-element_type=\"section\">\n\t\t\t\t\t\t<div class=\"elementor-container elementor-column-gap-default\">\n\t\t\t\t\t<div class=\"elementor-column elementor-col-100 elementor-top-column elementor-element elementor-element-55101790\" data-id=\"55101790\" data-element_type=\"column\">\n\t\t\t<div class=\"elementor-widget-wrap elementor-element-populated\">\n\t\t\t\t\t\t\t\t<div class=\"elementor-element elementor-element-5228fcf0 elementor-widget elementor-widget-text-editor\" data-id=\"5228fcf0\" data-element_type=\"widget\" data-widget_type=\"text-editor.default\">\n\t\t\t\t<div class=\"elementor-widget-container\">\n\t\t\t<style>\/*! elementor - v3.16.0 - 09-10-2023 *\/\n.elementor-widget-text-editor.elementor-drop-cap-view-stacked .elementor-drop-cap{background-color:#69727d;color:#fff}.elementor-widget-text-editor.elementor-drop-cap-view-framed .elementor-drop-cap{color:#69727d;border:3px solid;background-color:transparent}.elementor-widget-text-editor:not(.elementor-drop-cap-view-default) .elementor-drop-cap{margin-top:8px}.elementor-widget-text-editor:not(.elementor-drop-cap-view-default) .elementor-drop-cap-letter{width:1em;height:1em}.elementor-widget-text-editor .elementor-drop-cap{float:left;text-align:center;line-height:1;font-size:50px}.elementor-widget-text-editor .elementor-drop-cap-letter{display:inline-block}<\/style>\t\t\t\t<!-- wp:heading -->\n<h2><\/h2>\n<!-- \/wp:heading -->\n\n<!-- wp:heading -->\n<h2>H\u00e4ufige Fragen<\/h2>\n<!-- \/wp:heading -->\t\t\t\t\t\t<\/div>\n\t\t\t\t<\/div>\n\t\t\t\t\t<\/div>\n\t\t<\/div>\n\t\t\t\t\t\t\t<\/div>\n\t\t<\/section>\n\t\t\t\t<section class=\"elementor-section elementor-top-section elementor-element elementor-element-1e4f7ee elementor-section-boxed elementor-section-height-default elementor-section-height-default\" data-id=\"1e4f7ee\" data-element_type=\"section\">\n\t\t\t\t\t\t<div class=\"elementor-container elementor-column-gap-default\">\n\t\t\t\t\t<div class=\"elementor-column elementor-col-100 elementor-top-column elementor-element elementor-element-7a7f1c7\" data-id=\"7a7f1c7\" data-element_type=\"column\">\n\t\t\t<div class=\"elementor-widget-wrap elementor-element-populated\">\n\t\t\t\t\t\t\t\t<div class=\"elementor-element elementor-element-38c3f16 elementor-widget elementor-widget-text-editor\" data-id=\"38c3f16\" data-element_type=\"widget\" data-widget_type=\"text-editor.default\">\n\t\t\t\t<div class=\"elementor-widget-container\">\n\t\t\t\t\t\t\t<p>Interessierte stellen h\u00e4ufig \u00e4hnliche Fragen, die hier einmal vorab beantwortet werden.<\/p>\t\t\t\t\t\t<\/div>\n\t\t\t\t<\/div>\n\t\t\t\t\t<\/div>\n\t\t<\/div>\n\t\t\t\t\t\t\t<\/div>\n\t\t<\/section>\n\t\t\t\t<section class=\"elementor-section elementor-top-section elementor-element elementor-element-1fa3cdd elementor-section-boxed elementor-section-height-default elementor-section-height-default\" data-id=\"1fa3cdd\" data-element_type=\"section\">\n\t\t\t\t\t\t<div class=\"elementor-container elementor-column-gap-default\">\n\t\t\t\t\t<div class=\"elementor-column elementor-col-100 elementor-top-column elementor-element elementor-element-ff3e9dd\" data-id=\"ff3e9dd\" data-element_type=\"column\">\n\t\t\t<div class=\"elementor-widget-wrap elementor-element-populated\">\n\t\t\t\t\t\t\t\t<div class=\"elementor-element elementor-element-e652569 elementor-widget elementor-widget-heading\" data-id=\"e652569\" data-element_type=\"widget\" data-widget_type=\"heading.default\">\n\t\t\t\t<div class=\"elementor-widget-container\">\n\t\t\t<style>\/*! elementor - v3.16.0 - 09-10-2023 *\/\n.elementor-heading-title{padding:0;margin:0;line-height:1}.elementor-widget-heading .elementor-heading-title[class*=elementor-size-]>a{color:inherit;font-size:inherit;line-height:inherit}.elementor-widget-heading .elementor-heading-title.elementor-size-small{font-size:15px}.elementor-widget-heading .elementor-heading-title.elementor-size-medium{font-size:19px}.elementor-widget-heading .elementor-heading-title.elementor-size-large{font-size:29px}.elementor-widget-heading .elementor-heading-title.elementor-size-xl{font-size:39px}.elementor-widget-heading .elementor-heading-title.elementor-size-xxl{font-size:59px}<\/style><h3 class=\"elementor-heading-title elementor-size-default\">Welches Gem\u00fcse erh\u00e4lt man mit dem Ernteanteil?<\/h3>\t\t<\/div>\n\t\t\t\t<\/div>\n\t\t\t\t\t<\/div>\n\t\t<\/div>\n\t\t\t\t\t\t\t<\/div>\n\t\t<\/section>\n\t\t\t\t<section class=\"elementor-section elementor-top-section elementor-element elementor-element-5fb7eae elementor-section-boxed elementor-section-height-default elementor-section-height-default\" data-id=\"5fb7eae\" data-element_type=\"section\">\n\t\t\t\t\t\t<div class=\"elementor-container elementor-column-gap-default\">\n\t\t\t\t\t<div class=\"elementor-column elementor-col-100 elementor-top-column elementor-element elementor-element-17900bd\" data-id=\"17900bd\" data-element_type=\"column\">\n\t\t\t<div class=\"elementor-widget-wrap elementor-element-populated\">\n\t\t\t\t\t\t\t\t<div class=\"elementor-element elementor-element-d77b510 elementor-widget elementor-widget-text-editor\" data-id=\"d77b510\" data-element_type=\"widget\" data-widget_type=\"text-editor.default\">\n\t\t\t\t<div class=\"elementor-widget-container\">\n\t\t\t\t\t\t\t<p>Jedes SoLaWi-Mitglied erh\u00e4lt in fast jeder Woche im Jahr einen Ernteanteil von dem Gem\u00fcse, das im Laufe des Jahres angebaut wird. Im Winter ist es \u00fcberwiegend das Lagergem\u00fcse, das in der frostfreien Zeit im Herbst geerntet wurde, z.B. Kartoffeln, verschiedene Kohlsorten (u.a. Wei\u00dfkohl, Rotkohl, Gr\u00fcnkohl), M\u00f6hren, Pastinaken, Sellerie, Steckr\u00fcben, K\u00fcrbis, Zwiebeln, Wurzelpetersilie, Bunte Bete, Rote Bete). Zus\u00e4tzlich gibt es einen kleinen Getreideanteil (Mehl oder\u00a0 K\u00f6rner).\u00a0<\/p>\n<p>Im Fr\u00fchjahr gibt es auch frischen Salat aus dem Gew\u00e4chshaus.\u00a0<\/p>\t\t\t\t\t\t<\/div>\n\t\t\t\t<\/div>\n\t\t\t\t\t<\/div>\n\t\t<\/div>\n\t\t\t\t\t\t\t<\/div>\n\t\t<\/section>\n\t\t\t\t<section class=\"elementor-section elementor-top-section elementor-element elementor-element-23ba6c9 elementor-section-boxed elementor-section-height-default elementor-section-height-default\" data-id=\"23ba6c9\" data-element_type=\"section\">\n\t\t\t\t\t\t<div class=\"elementor-container elementor-column-gap-default\">\n\t\t\t\t\t<div class=\"elementor-column elementor-col-100 elementor-top-column elementor-element elementor-element-a705b5c\" data-id=\"a705b5c\" data-element_type=\"column\">\n\t\t\t<div class=\"elementor-widget-wrap elementor-element-populated\">\n\t\t\t\t\t\t\t\t<div class=\"elementor-element elementor-element-08ab13e elementor-widget elementor-widget-heading\" data-id=\"08ab13e\" data-element_type=\"widget\" data-widget_type=\"heading.default\">\n\t\t\t\t<div class=\"elementor-widget-container\">\n\t\t\t<h3 class=\"elementor-heading-title elementor-size-default\">Wie funktioniert die Ausgabe der Ernteanteile?<\/h3>\t\t<\/div>\n\t\t\t\t<\/div>\n\t\t\t\t\t<\/div>\n\t\t<\/div>\n\t\t\t\t\t\t\t<\/div>\n\t\t<\/section>\n\t\t\t\t<section class=\"elementor-section elementor-top-section elementor-element elementor-element-2df8da9 elementor-section-boxed elementor-section-height-default elementor-section-height-default\" data-id=\"2df8da9\" data-element_type=\"section\">\n\t\t\t\t\t\t<div class=\"elementor-container elementor-column-gap-default\">\n\t\t\t\t\t<div class=\"elementor-column elementor-col-100 elementor-top-column elementor-element elementor-element-b799cf2\" data-id=\"b799cf2\" data-element_type=\"column\">\n\t\t\t<div class=\"elementor-widget-wrap elementor-element-populated\">\n\t\t\t\t\t\t\t\t<div class=\"elementor-element elementor-element-a6bf748 elementor-widget elementor-widget-text-editor\" data-id=\"a6bf748\" data-element_type=\"widget\" data-widget_type=\"text-editor.default\">\n\t\t\t\t<div class=\"elementor-widget-container\">\n\t\t\t\t\t\t\t<p>Am Nachmittag des Ausgabetages (z.Zt. der Donnerstag) steht das Gem\u00fcse in Kisten auf den Tischen. In der \u00dcbersicht erf\u00e4hrt jedes Mitglied wieviel Gem\u00fcse es erh\u00e4lt. F\u00fcr jedes Mitglied ist zun\u00e4chst einmal der gleiche Gem\u00fcseanteil vorhanden.<\/p>\n<p>Das Gem\u00fcse wird dann von jedem Mitglied ggf. abgewogen bzw. gez\u00e4hlt und in die mitgebrachten K\u00f6rbe, T\u00fcten oder Beutel gepackt. M\u00f6chte man auf ein Gem\u00fcse teilweise oder ganz verzichten, wiegt man es trotzdem ab und legt es in die Tauschkiste. Aus dieser Kiste k\u00f6nnen sich dann andere Mitglieder bedienen, die noch Bedarf haben.<\/p>\t\t\t\t\t\t<\/div>\n\t\t\t\t<\/div>\n\t\t\t\t\t<\/div>\n\t\t<\/div>\n\t\t\t\t\t\t\t<\/div>\n\t\t<\/section>\n\t\t\t\t<section class=\"elementor-section elementor-top-section elementor-element elementor-element-460bc75 elementor-section-boxed elementor-section-height-default elementor-section-height-default\" data-id=\"460bc75\" data-element_type=\"section\">\n\t\t\t\t\t\t<div class=\"elementor-container elementor-column-gap-default\">\n\t\t\t\t\t<div class=\"elementor-column elementor-col-100 elementor-top-column elementor-element elementor-element-6cfb077\" data-id=\"6cfb077\" data-element_type=\"column\">\n\t\t\t<div class=\"elementor-widget-wrap elementor-element-populated\">\n\t\t\t\t\t\t\t\t<div class=\"elementor-element elementor-element-d7be331 elementor-widget elementor-widget-heading\" data-id=\"d7be331\" data-element_type=\"widget\" data-widget_type=\"heading.default\">\n\t\t\t\t<div class=\"elementor-widget-container\">\n\t\t\t<h3 class=\"elementor-heading-title elementor-size-default\">Warum gibt es die Tauschkiste?<\/h3>\t\t<\/div>\n\t\t\t\t<\/div>\n\t\t\t\t\t<\/div>\n\t\t<\/div>\n\t\t\t\t\t\t\t<\/div>\n\t\t<\/section>\n\t\t\t\t<section class=\"elementor-section elementor-top-section elementor-element elementor-element-dd18da5 elementor-section-boxed elementor-section-height-default elementor-section-height-default\" data-id=\"dd18da5\" data-element_type=\"section\">\n\t\t\t\t\t\t<div class=\"elementor-container elementor-column-gap-default\">\n\t\t\t\t\t<div class=\"elementor-column elementor-col-100 elementor-top-column elementor-element elementor-element-243cb05\" data-id=\"243cb05\" data-element_type=\"column\">\n\t\t\t<div class=\"elementor-widget-wrap elementor-element-populated\">\n\t\t\t\t\t\t\t\t<div class=\"elementor-element elementor-element-ce8bef1 elementor-widget elementor-widget-text-editor\" data-id=\"ce8bef1\" data-element_type=\"widget\" data-widget_type=\"text-editor.default\">\n\t\t\t\t<div class=\"elementor-widget-container\">\n\t\t\t\t\t\t\t<p>Nicht jedes Mitglied hat den gleichen Bedarf an einer Gem\u00fcsesorte. Daher k\u00f6nnen diejenigen, die noch einen Mehrbedarf an einer Gem\u00fcsesorte haben, sich aus der Tauschkiste bedienen. Besonders wichtig ist diese Tauschkiste aber auch f\u00fcr Rainer und Kathrin! Sie k\u00f6nnen am Ende des Ausgabetages sehen, ob ein \u00dcberschuss an einer Sorte vorhanden ist. Sollte sich diese Entwicklung auch an anderen Ausgabetagen zeigen, wird das bei der n\u00e4chsten Jahresplanung ber\u00fccksichtigt. D.h., es wird von der Sorte weniger angebaut.&nbsp;<\/p>\t\t\t\t\t\t<\/div>\n\t\t\t\t<\/div>\n\t\t\t\t\t<\/div>\n\t\t<\/div>\n\t\t\t\t\t\t\t<\/div>\n\t\t<\/section>\n\t\t\t\t<section class=\"elementor-section elementor-top-section elementor-element elementor-element-9f924b4 elementor-section-boxed elementor-section-height-default elementor-section-height-default\" data-id=\"9f924b4\" data-element_type=\"section\">\n\t\t\t\t\t\t<div class=\"elementor-container elementor-column-gap-default\">\n\t\t\t\t\t<div class=\"elementor-column elementor-col-100 elementor-top-column elementor-element elementor-element-b93f65b\" data-id=\"b93f65b\" data-element_type=\"column\">\n\t\t\t<div class=\"elementor-widget-wrap elementor-element-populated\">\n\t\t\t\t\t\t\t\t<div class=\"elementor-element elementor-element-bf54817 elementor-widget elementor-widget-heading\" data-id=\"bf54817\" data-element_type=\"widget\" data-widget_type=\"heading.default\">\n\t\t\t\t<div class=\"elementor-widget-container\">\n\t\t\t<h3 class=\"elementor-heading-title elementor-size-default\">Was ist das Besondere eines Demeter-Hofes?<\/h3>\t\t<\/div>\n\t\t\t\t<\/div>\n\t\t\t\t\t<\/div>\n\t\t<\/div>\n\t\t\t\t\t\t\t<\/div>\n\t\t<\/section>\n\t\t\t\t<section class=\"elementor-section elementor-top-section elementor-element elementor-element-1406a51 elementor-section-boxed elementor-section-height-default elementor-section-height-default\" data-id=\"1406a51\" data-element_type=\"section\">\n\t\t\t\t\t\t<div class=\"elementor-container elementor-column-gap-default\">\n\t\t\t\t\t<div class=\"elementor-column elementor-col-100 elementor-top-column elementor-element elementor-element-8045ec5\" data-id=\"8045ec5\" data-element_type=\"column\">\n\t\t\t<div class=\"elementor-widget-wrap elementor-element-populated\">\n\t\t\t\t\t\t\t\t<div class=\"elementor-element elementor-element-15f0e98 elementor-widget elementor-widget-text-editor\" data-id=\"15f0e98\" data-element_type=\"widget\" data-widget_type=\"text-editor.default\">\n\t\t\t\t<div class=\"elementor-widget-container\">\n\t\t\t\t\t\t\t<p>Der Demeter e.V. ist der \u00e4lteste Bio-Verband in Deutschland. Seit 1924 arbeiten Demeter-Landwirte biodynamisch. Sie wollen den Boden lebendig halten: mit Kompost und biodynamischen Pr\u00e4paraten und mit dem Verzicht auf chemisch-synthetische D\u00fcnge- und Pflanzenschutzmittel. Durch einen Fruchtwechselanbau, den Anbau von Zwischenfr\u00fcchten und Leguminosen f\u00f6rdern sie das Bodenleben und bauen Humus auf. Durch den Verzicht auf energieintensiv hergestellten Stickstoffd\u00fcnger leistet jeder Demeter-Hof einen wichtigen Beitrag zum Klimaschutz.<\/p>\t\t\t\t\t\t<\/div>\n\t\t\t\t<\/div>\n\t\t\t\t\t<\/div>\n\t\t<\/div>\n\t\t\t\t\t\t\t<\/div>\n\t\t<\/section>\n\t\t\t\t\t\t\t<\/div>\n\t\t","protected":false},"excerpt":{"rendered":"<p>H\u00e4ufige Fragen Interessierte stellen h\u00e4ufig \u00e4hnliche Fragen, die hier einmal vorab beantwortet werden. Welches Gem\u00fcse erh\u00e4lt man mit dem Ernteanteil? Jedes SoLaWi-Mitglied erh\u00e4lt in fast jeder Woche im Jahr einen Ernteanteil von dem Gem\u00fcse, das im Laufe des Jahres angebaut wird. Im Winter ist es \u00fcberwiegend das Lagergem\u00fcse, das in der frostfreien Zeit im Herbst geerntet wurde, z.B. Kartoffeln, verschiedene&#8230;<\/p>\n","protected":false},"author":1,"featured_media":0,"parent":0,"menu_order":0,"comment_status":"closed","ping_status":"closed","template":"","meta":{"footnotes":""},"class_list":["post-1079","page","type-page","status-publish","hentry"],"_links":{"self":[{"href":"https:\/\/www.solidarischer-hof-wybelsum.de\/index.php?rest_route=\/wp\/v2\/pages\/1079","targetHints":{"allow":["GET"]}}],"collection":[{"href":"https:\/\/www.solidarischer-hof-wybelsum.de\/index.php?rest_route=\/wp\/v2\/pages"}],"about":[{"href":"https:\/\/www.solidarischer-hof-wybelsum.de\/index.php?rest_route=\/wp\/v2\/types\/page"}],"author":[{"embeddable":true,"href":"https:\/\/www.solidarischer-hof-wybelsum.de\/index.php?rest_route=\/wp\/v2\/users\/1"}],"replies":[{"embeddable":true,"href":"https:\/\/www.solidarischer-hof-wybelsum.de\/index.php?rest_route=%2Fwp%2Fv2%2Fcomments&post=1079"}],"version-history":[{"count":52,"href":"https:\/\/www.solidarischer-hof-wybelsum.de\/index.php?rest_route=\/wp\/v2\/pages\/1079\/revisions"}],"predecessor-version":[{"id":1638,"href":"https:\/\/www.solidarischer-hof-wybelsum.de\/index.php?rest_route=\/wp\/v2\/pages\/1079\/revisions\/1638"}],"wp:attachment":[{"href":"https:\/\/www.solidarischer-hof-wybelsum.de\/index.php?rest_route=%2Fwp%2Fv2%2Fmedia&parent=1079"}],"curies":[{"name":"wp","href":"https:\/\/api.w.org\/{rel}","templated":true}]}}